072 and 6164.
268
What is the greatest common factor of 52 and 91?
13
What is the greatest common factor of 103 and 1648?
103
What is the highest common factor of 15613 and 13?
13
What is the highest common divisor of 272 and 464?
16
Calculate the greatest common divisor of 430 and 1462.
86
What is the highest common divisor of 2070 and 18?
18
Calculate the highest common factor of 28 and 266.
14
What is the highest common factor of 77 and 22?
11
Calculate the greatest common divisor of 3162 and 930.
186
Calculate the greatest common divisor of 27 and 4.
1
What is the highest common factor of 440 and 40?
40
Calculate the greatest common factor of 552 and 8.
8
Calculate the greatest common divisor of 25 and 9725.
25
What is the highest common divisor of 81 and 36?
9
What is the highest common factor of 423 and 36?
9
What is the greatest common divisor of 2312 and 48?
8
Calculate the highest common divisor of 2148 and 96.
12
Calculate the highest common factor of 2 and 18.
2
Calculate the highest common factor of 8591 and 71.
71
Calculate the greatest common factor of 74 and 4.
2
What is the greatest common factor of 3380 and 100?
20
What is the highest common divisor of 44 and 33?
11
Calculate the greatest common divisor of 1122 and 44.
22
Calculate the highest common divisor of 14 and 518.
14
What is the highest common factor of 193 and 12931?
193
Calculate the greatest common divisor of 30 and 320.
10
What is the greatest common divisor of 90 and 6570?
90
Calculate the greatest common factor of 80 and 10.
10
What is the greatest common divisor of 950 and 2500?
50
Calculate the highest common factor of 268 and 4.
4
What is the highest common factor of 176 and 16?
16
What is the highest common factor of 147 and 42?
21
Calculate the highest common divisor of 1072 and 67.
67
What is the highest common divisor of 2488 and 56?
8
Calculate the greatest common divisor of 1219 and 115.
23
Calculate the greatest common factor of 864 and 378.
54
What is the greatest common factor of 470 and 658?
94
What is the highest common divisor of 588 and 1911?
147
What is the highest common divisor of 2016 and 144?
144
What is the greatest common factor of 112 and 14?
14
What is the highest common factor of 196 and 42?
14
Calculate the greatest common divisor of 67 and 737.
67
Calculate the highest common divisor of 31 and 217.
31
Calculate the highest common divisor of 104 and 52.
52
What is the greatest common divisor of 3723 and 153?
51
Calculate the highest common divisor of 87 and 29.
29
What is the greatest common factor of 52 and 182?
26
What is the highest common divisor of 100 and 1950?
50
What is the greatest common divisor of 4 and 34?
2
What is the greatest common divisor of 24 and 1014?
6
Calculate the highest common divisor of 6 and 222.
6
Calculate the highest common divisor of 60 and 8.
4
Calculate the greatest common factor of 2079 and 99.
99
Calculate the highest common factor of 1260 and 175.
35
Calculate the highest common divisor of 8225 and 350.
175
What is the greatest common factor of 484 and 44?
44
Calculate the greatest common factor of 15 and 123.
3
What is the highest common factor of 196 and 308?
28
Calculate the greatest common factor of 4438 and 14.
14
Calculate the highest common divisor of 3 and 789.
3
Calculate the greatest common divisor of 1190 and 28.
14
Calculate the highest common divisor of 1 and 1.
1
Calculate the highest common factor of 410 and 82.
82
Calculate the greatest common factor of 536 and 201.
67
What is the greatest common divisor of 500 and 580?
20
Calculate the highest common divisor of 41 and 861.
41
Calculate the highest common divisor of 57 and 3401.
19
Calculate the greatest common divisor of 1 and 79.
1
What is the greatest common divisor of 150081 and 19?
19
Calculate the greatest common factor of 1014 and 6.
6
Calculate the highest common factor of 76 and 95.
19
Calculate the greatest common factor of 75 and 45.
15
Calculate the highest common factor of 295 and 1593.
59
What is the highest common divisor of 132 and 48?
12
What is the highest common divisor of 496 and 62?
62
What is the highest common factor of 118 and 3304?
118
What is the highest common factor of 645 and 60?
15
Calculate the highest common divisor of 48 and 4344.
24
What is the greatest common factor of 864 and 54?
54
Calculate the highest common factor of 1 and 31.
1
Calculate the highest common factor of 477 and 53.
53
Calculate the highest common factor of 150 and 30.
30
What is the greatest common factor of 2149 and 1228?
307
What is the highest common factor of 21336 and 1905?
381
What is the highest common divisor of 930 and 14136?
186
Calculate the highest common factor of 410 and 4.
2
Calculate the highest common factor of 9 and 7353.
9
Calculate the greatest common factor of 9 and 6219.
9
What is the greatest common factor of 60 and 1740?
60
Calculate the greatest common factor of 54 and 90.
18
What is the greatest common divisor of 29 and 29?
29
What is the greatest common factor of 760 and 35?
5
What is the highest common divisor of 98 and 700?
14
What is the highest common divisor of 39 and 1885?
13
What is the greatest common factor of 9 and 33?
3
What is the greatest common divisor of 16 and 452?
4
Calculate the greatest common divisor of 180 and 6030.
90
What is the greatest common factor of 216 and 120?
24
Calculate the highest common divisor of 25 and 4175.
25
Calculate the greatest common factor of 2268 and 21.
21
Calculate the highest common factor of 26 and 117.
13
Calculate the highest common divisor of 1462 and 68.
34
Calculate the highest common divisor of 204 and 12.
12
What is the highest common divisor of 1 and 342?
1
What is the greatest common factor of 8879 and 13?
13
What is the greatest common factor of 1485 and 90?
45
What is the highest common divisor of 69 and 8349?
69
Calculate the highest common factor of 210 and 2058.
42
Calculate the highest common divisor of 118 and 2242.
118
Calculate the greatest common divisor of 76 and 4.
4
Calculate the highest common factor of 645 and 30.
15
Calculate the greatest common factor of 189 and 54.
27
Calculate the highest common factor of 94 and 22.
2
Calculate the highest common divisor of 490 and 7595.
245
What is the highest common divisor of 481 and 13?
13
What is the greatest common factor of 162268 and 452?
452
Calculate the greatest common factor of 28 and 4.
4
Calculate the highest common divisor of 182 and 14.
14
Calculate the highest common divisor of 30 and 960.
30
Calculate the highest common factor of 252 and 756.
252
Calculate the highest common factor of 82 and 2788.
82
What is the highest common divisor of 497 and 284?
71
Calculate the greatest common factor of 40 and 344.
8
What is the greatest common divisor of 648 and 144?
72
Calculate the highest common divisor of 184 and 23.
23
What is the highest common divisor of 2 and 27?
1
Calculate the highest common factor of 360 and 216.
72
Calculate the highest common factor of 62 and 496.
62
What is the greatest common factor of 12 and 510?
6
Calculate the highest common factor of 215 and 43.
43
What is the greatest common factor of 330 and 5250?
30
What is the highest common divisor of 434 and 28?
14
Calculate the greatest common factor of 8333 and 13.
13
Calculate the highest common factor of 946 and 352.
22
What is the greatest common divisor of 144 and 32?
16
Calculate the highest common divisor of 41 and 1148.
41
Calculate the highest common divisor of 148 and 256.
4
Calculate the highest common factor of 128 and 176.
16
What is the highest common divisor of 6 and 218?
2
What is the highest common factor of 6 and 474?
6
Calculate the greatest common divisor of 2256 and 24.
24
Calculate the greatest common divisor of 10 and 630.
10
Calculate the greatest common divisor of 15 and 51.
3
What is the greatest common factor of 12610 and 390?
130
Calculate the greatest common factor of 4 and 524.
4
Calculate the greatest common divisor of 28 and 6314.
14
Calculate the greatest common divisor of 56 and 154.
14
Calculate the greatest common divisor of 918 and 738.
18
What is the greatest common divisor of 5248 and 41?
41
Calculate the highest common factor of 1 and 159.
1
Calculate the greatest com